7?
127
Calculate the highest common divisor of 589 and 403.
31
Calculate the greatest common divisor of 832 and 468.
52
What is the greatest common factor of 56 and 896?
56
What is the highest common divisor of 45 and 27?
9
Calculate the greatest common divisor of 2 and 2026.
2
Calculate the highest common factor of 80 and 100.
20
What is the greatest common divisor of 38 and 931?
19
Calculate the highest common divisor of 4330 and 40.
10
What is the greatest common factor of 2356 and 76?
76
Calculate the highest common divisor of 3720 and 120.
120
What is the greatest common factor of 228 and 5396?
76
What is the highest common factor of 282 and 384?
6
What is the greatest common divisor of 4750 and 1330?
190
What is the greatest common factor of 9614 and 44?
22
Calculate the greatest common divisor of 180 and 120.
60
Calculate the greatest common factor of 294 and 708.
6
Calculate the highest common factor of 15 and 5595.
15
Calculate the highest common divisor of 1415 and 15.
5
What is the greatest common divisor of 45 and 6465?
15
Calculate the highest common divisor of 20 and 36.
4
Calculate the greatest common divisor of 159 and 6.
3
Calculate the greatest common divisor of 2 and 609.
1
Calculate the greatest common divisor of 885 and 15.
15
Calculate the greatest common divisor of 260 and 40.
20
Calculate the greatest common divisor of 13662 and 276.
138
Calculate the greatest common factor of 294 and 6.
6
Calculate the highest common factor of 4824 and 120.
24
Calculate the greatest common divisor of 3 and 1596.
3
What is the greatest common divisor of 60 and 135?
15
Calculate the greatest common factor of 45110 and 10.
10
What is the highest common divisor of 15 and 960?
15
What is the greatest common divisor of 216 and 6129?
27
What is the greatest common divisor of 1728 and 128?
64
Calculate the greatest common factor of 1725 and 675.
75
What is the greatest common factor of 135 and 55?
5
What is the greatest common factor of 25 and 11?
1
Calculate the highest common factor of 375 and 50.
25
Calculate the highest common divisor of 53 and 53.
53
What is the highest common factor of 45 and 735?
15
Calculate the highest common factor of 18 and 14.
2
Calculate the highest common divisor of 231 and 44.
11
What is the highest common divisor of 1560 and 2145?
195
Calculate the greatest common divisor of 3 and 12.
3
Calculate the greatest common factor of 28 and 644.
28
What is the highest common divisor of 48 and 159?
3
Calculate the highest common factor of 5343 and 156.
39
What is the greatest common factor of 105 and 5215?
35
What is the greatest common factor of 155 and 4805?
155
What is the greatest common factor of 112 and 4144?
112
Calculate the greatest common divisor of 224 and 5040.
112
Calculate the greatest common factor of 34 and 34714.
34
Calculate the highest common factor of 1344 and 42.
42
Calculate the highest common factor of 24 and 324.
12
What is the highest common divisor of 160 and 416?
32
Calculate the highest common divisor of 6 and 24.
6
What is the greatest common factor of 2021 and 43?
43
Calculate the highest common divisor of 665 and 25.
5
Calculate the greatest common factor of 48 and 88.
8
What is the greatest common divisor of 93 and 2573?
31
Calculate the highest common divisor of 1368 and 72.
72
What is the greatest common divisor of 2 and 998?
2
What is the greatest common divisor of 110 and 88?
22
Calculate the greatest common divisor of 43 and 18103.
43
What is the greatest common factor of 258 and 42?
6
What is the greatest common divisor of 692 and 96?
4
Calculate the greatest common factor of 13 and 3003.
13
What is the greatest common factor of 160 and 2144?
32
What is the greatest common divisor of 1845 and 82?
41
What is the greatest common factor of 1276 and 44?
44
Calculate the greatest common divisor of 567 and 126.
63
What is the highest common divisor of 384 and 6096?
48
Calculate the highest common divisor of 3213 and 1309.
119
What is the greatest common factor of 26 and 119080?
26
What is the greatest common divisor of 13 and 1027?
13
What is the highest common factor of 344 and 20?
4
What is the highest common divisor of 210 and 168?
42
What is the greatest common divisor of 2590 and 140?
70
What is the greatest common divisor of 96 and 9?
3
What is the greatest common factor of 588 and 24?
12
Calculate the highest common factor of 330 and 3531.
33
Calculate the highest common divisor of 52 and 91.
13
Calculate the highest common divisor of 434 and 36673.
217
Calculate the greatest common factor of 132 and 1221.
33
What is the greatest common divisor of 102 and 85?
17
What is the greatest common factor of 99 and 187?
11
Calculate the greatest common factor of 800 and 25.
25
What is the highest common factor of 105 and 45?
15
Calculate the greatest common factor of 102 and 246.
6
What is the highest common factor of 715 and 770?
55
Calculate the greatest common divisor of 60 and 19580.
20
What is the highest common divisor of 4 and 22?
2
What is the highest common factor of 2 and 8?
2
What is the highest common divisor of 247 and 304?
19
What is the greatest common divisor of 14 and 28?
14
What is the greatest common divisor of 5 and 135?
5
What is the highest common factor of 902 and 1529?
11
What is the greatest common factor of 17 and 2?
1
What is the greatest common divisor of 24 and 2712?
24
Calculate the greatest common factor of 184 and 19320.
184
What is the highest common divisor of 248 and 40?
8
What is the highest common factor of 416 and 936?
104
Calculate the highest common factor of 280 and 35.
35
Calculate the greatest common divisor of 1771 and 4347.
161
What is the greatest common divisor of 1184 and 1036?
148
What is the greatest common factor of 702 and 9?
9
What is the highest common factor of 25021 and 573?
191
What is the greatest common divisor of 143 and 4381?
13
Calculate the highest common divisor of 246 and 12.
6
Calculate the highest common factor of 30 and 315.
15
What is the highest common divisor of 648 and 456?
24
Calculate the greatest common divisor of 15 and 405.
15
What is the greatest common factor of 54 and 6561?
27
Calculate the highest common divisor of 1450 and 58.
58
What is the highest common factor of 285 and 57?
57
Calculate the highest common factor of 16 and 4904.
8
Calculate the greatest common factor of 120 and 24.
24
What is the greatest common divisor of 40 and 620?
20
What is the highest common factor of 648 and 13500?
108
Calculate the greatest common divisor of 70 and 410.
10
What is the highest common factor of 27 and 435?
3
Calculate the greatest common factor of 176 and 3212.
44
Calculate the highest common factor of 30 and 2535.
15
What is the highest common divisor of 64 and 5792?
32
Calculate the greatest common factor of 455 and 35.
35
What is the highest common divisor of 2673 and 99?
99
What is the highest common factor of 420 and 1218?
42
Calculate the greatest common divisor of 567 and 18.
9
What is the greatest common factor of 3 and 15?
3
What is the highest common factor of 392 and 8?
8
Calculate the highest common divisor of 57 and 2679.
57
Calculate the highest common factor of 213 and 355.
71
Calculate the greatest common divisor of 10 and 70.
10
What is the highest common divisor of 38124 and 216?
108
What is the highest common factor of 66 and 6?
6
What is the greatest common factor of 18 and 1758?
6
Calculate the highest common divisor of 130 and 90.
10
Calculate the greatest common divisor of 542 and 6775.
271
Calculate the greatest common divisor of 450 and 72.
18
What is the greatest common factor of 1475 and 25?
25
What is the greatest common factor of 62 and 3968?
62
What is the greatest common factor of 1136 and 96?
16
What is the greatest common divisor of 290 and 4785?
145
Calculate the highest common factor of 7578 and 342.
18
What is the highest common factor of 12210 and 110?
110
What is the greatest common factor of 576 and 16?
16
Calculate the greatest common factor of 2550 and 20.
10
What is the highest common factor of 6 and 39?
3
Calculate the greatest common factor of 2 and 19.
1
What is the highest common divisor of 34 and 3196?
34
Calculate the greatest common factor of 19 and 1159.
19
What i